{"id":1754,"date":"2021-04-17T17:43:37","date_gmt":"2021-04-17T17:43:37","guid":{"rendered":"http:\/\/www.kopfblog.de\/?page_id=1754"},"modified":"2021-04-17T17:44:57","modified_gmt":"2021-04-17T17:44:57","slug":"skat","status":"publish","type":"page","link":"http:\/\/www.kopfblog.de\/?page_id=1754","title":{"rendered":"Skat"},"content":{"rendered":"\n<p>Mein neustes Projekt: Das Designers-Skulls-Skatblatt<\/p>\n\n\n\n<figure class=\"wp-block-gallery columns-3 is-cropped wp-block-gallery-1 is-layout-flex\"><ul class=\"blocks-gallery-grid\"><li class=\"blocks-gallery-item\"><figure><img decoding=\"async\" loading=\"lazy\" width=\"697\" height=\"532\" src=\"http:\/\/www.kopfblog.de\/wp-content\/uploads\/2021\/04\/Karo_Bube_RZ-1.jpg\" alt=\"\" data-id=\"1768\" data-link=\"http:\/\/www.kopfblog.de\/?attachment_id=1768\" class=\"wp-image-1768\" srcset=\"http:\/\/www.kopfblog.de\/wp-content\/uploads\/2021\/04\/Karo_Bube_RZ-1.jpg 697w, http:\/\/www.kopfblog.de\/wp-content\/uploads\/2021\/04\/Karo_Bube_RZ-1-300x229.jpg 300w, http:\/\/www.kopfblog.de\/wp-content\/uploads\/2021\/04\/Karo_Bube_RZ-1-393x300.jpg 393w\" sizes=\"(max-width: 697px) 100vw, 697px\" \/><\/figure><\/li><li class=\"blocks-gallery-item\"><figure><img decoding=\"async\" loading=\"lazy\" width=\"697\" height=\"532\" src=\"http:\/\/www.kopfblog.de\/wp-content\/uploads\/2021\/04\/Karo_Dame_RZ-2.jpg\" alt=\"\" data-id=\"1771\" data-link=\"http:\/\/www.kopfblog.de\/?attachment_id=1771\" class=\"wp-image-1771\" srcset=\"http:\/\/www.kopfblog.de\/wp-content\/uploads\/2021\/04\/Karo_Dame_RZ-2.jpg 697w, http:\/\/www.kopfblog.de\/wp-content\/uploads\/2021\/04\/Karo_Dame_RZ-2-300x229.jpg 300w, http:\/\/www.kopfblog.de\/wp-content\/uploads\/2021\/04\/Karo_Dame_RZ-2-393x300.jpg 393w\" sizes=\"(max-width: 697px) 100vw, 697px\" \/><\/figure><\/li><li class=\"blocks-gallery-item\"><figure><img decoding=\"async\" loading=\"lazy\" width=\"697\" height=\"532\" src=\"http:\/\/www.kopfblog.de\/wp-content\/uploads\/2021\/04\/Karo_Ko\u0308nig_RZ-1.jpg\" alt=\"\" data-id=\"1770\" data-link=\"http:\/\/www.kopfblog.de\/?attachment_id=1770\" class=\"wp-image-1770\" srcset=\"http:\/\/www.kopfblog.de\/wp-content\/uploads\/2021\/04\/Karo_Ko\u0308nig_RZ-1.jpg 697w, http:\/\/www.kopfblog.de\/wp-content\/uploads\/2021\/04\/Karo_Ko\u0308nig_RZ-1-300x229.jpg 300w, http:\/\/www.kopfblog.de\/wp-content\/uploads\/2021\/04\/Karo_Ko\u0308nig_RZ-1-393x300.jpg 393w\" sizes=\"(max-width: 697px) 100vw, 697px\" \/><\/figure><\/li><li class=\"blocks-gallery-item\"><figure><img decoding=\"async\" loading=\"lazy\" width=\"697\" height=\"532\" src=\"http:\/\/www.kopfblog.de\/wp-content\/uploads\/2021\/04\/Herz_Bube-2.jpg\" alt=\"\" data-id=\"1776\" data-link=\"http:\/\/www.kopfblog.de\/?attachment_id=1776\" class=\"wp-image-1776\" srcset=\"http:\/\/www.kopfblog.de\/wp-content\/uploads\/2021\/04\/Herz_Bube-2.jpg 697w, http:\/\/www.kopfblog.de\/wp-content\/uploads\/2021\/04\/Herz_Bube-2-300x229.jpg 300w, http:\/\/www.kopfblog.de\/wp-content\/uploads\/2021\/04\/Herz_Bube-2-393x300.jpg 393w\" sizes=\"(max-width: 697px) 100vw, 697px\" \/><\/figure><\/li><li class=\"blocks-gallery-item\"><figure><img decoding=\"async\" loading=\"lazy\" width=\"640\" height=\"488\" src=\"http:\/\/www.kopfblog.de\/wp-content\/uploads\/2021\/04\/Herz_Dame_RZ_halb-2.jpg\" alt=\"\" data-id=\"1777\" data-link=\"http:\/\/www.kopfblog.de\/?attachment_id=1777\" class=\"wp-image-1777\" srcset=\"http:\/\/www.kopfblog.de\/wp-content\/uploads\/2021\/04\/Herz_Dame_RZ_halb-2.jpg 640w, http:\/\/www.kopfblog.de\/wp-content\/uploads\/2021\/04\/Herz_Dame_RZ_halb-2-300x229.jpg 300w, http:\/\/www.kopfblog.de\/wp-content\/uploads\/2021\/04\/Herz_Dame_RZ_halb-2-393x300.jpg 393w\" sizes=\"(max-width: 640px) 100vw, 640px\" \/><\/figure><\/li><li class=\"blocks-gallery-item\"><figure><img decoding=\"async\" loading=\"lazy\" width=\"697\" height=\"532\" src=\"http:\/\/www.kopfblog.de\/wp-content\/uploads\/2021\/04\/Herz_Ko\u0308nig-2.jpg\" alt=\"\" data-id=\"1778\" data-link=\"http:\/\/www.kopfblog.de\/?attachment_id=1778\" class=\"wp-image-1778\" srcset=\"http:\/\/www.kopfblog.de\/wp-content\/uploads\/2021\/04\/Herz_Ko\u0308nig-2.jpg 697w, http:\/\/www.kopfblog.de\/wp-content\/uploads\/2021\/04\/Herz_Ko\u0308nig-2-300x229.jpg 300w, http:\/\/www.kopfblog.de\/wp-content\/uploads\/2021\/04\/Herz_Ko\u0308nig-2-393x300.jpg 393w\" sizes=\"(max-width: 697px) 100vw, 697px\" \/><\/figure><\/li><li class=\"blocks-gallery-item\"><figure><img decoding=\"async\" loading=\"lazy\" width=\"697\" height=\"532\" src=\"http:\/\/www.kopfblog.de\/wp-content\/uploads\/2021\/04\/Pik_Bube_RZ-1.jpg\" alt=\"\" data-id=\"1779\" data-link=\"http:\/\/www.kopfblog.de\/?attachment_id=1779\" class=\"wp-image-1779\" srcset=\"http:\/\/www.kopfblog.de\/wp-content\/uploads\/2021\/04\/Pik_Bube_RZ-1.jpg 697w, http:\/\/www.kopfblog.de\/wp-content\/uploads\/2021\/04\/Pik_Bube_RZ-1-300x229.jpg 300w, http:\/\/www.kopfblog.de\/wp-content\/uploads\/2021\/04\/Pik_Bube_RZ-1-393x300.jpg 393w\" sizes=\"(max-width: 697px) 100vw, 697px\" \/><\/figure><\/li><li class=\"blocks-gallery-item\"><figure><img decoding=\"async\" loading=\"lazy\" width=\"697\" height=\"532\" src=\"http:\/\/www.kopfblog.de\/wp-content\/uploads\/2021\/04\/Pik_Dame_RZ-1.jpg\" alt=\"\" data-id=\"1780\" data-link=\"http:\/\/www.kopfblog.de\/?attachment_id=1780\" class=\"wp-image-1780\" srcset=\"http:\/\/www.kopfblog.de\/wp-content\/uploads\/2021\/04\/Pik_Dame_RZ-1.jpg 697w, http:\/\/www.kopfblog.de\/wp-content\/uploads\/2021\/04\/Pik_Dame_RZ-1-300x229.jpg 300w, http:\/\/www.kopfblog.de\/wp-content\/uploads\/2021\/04\/Pik_Dame_RZ-1-393x300.jpg 393w\" sizes=\"(max-width: 697px) 100vw, 697px\" \/><\/figure><\/li><li class=\"blocks-gallery-item\"><figure><img decoding=\"async\" loading=\"lazy\" width=\"697\" height=\"532\" src=\"http:\/\/www.kopfblog.de\/wp-content\/uploads\/2021\/04\/Pik_Ko\u0308nig_RZ-1.jpg\" alt=\"\" data-id=\"1781\" data-link=\"http:\/\/www.kopfblog.de\/?attachment_id=1781\" class=\"wp-image-1781\" srcset=\"http:\/\/www.kopfblog.de\/wp-content\/uploads\/2021\/04\/Pik_Ko\u0308nig_RZ-1.jpg 697w, http:\/\/www.kopfblog.de\/wp-content\/uploads\/2021\/04\/Pik_Ko\u0308nig_RZ-1-300x229.jpg 300w, http:\/\/www.kopfblog.de\/wp-content\/uploads\/2021\/04\/Pik_Ko\u0308nig_RZ-1-393x300.jpg 393w\" sizes=\"(max-width: 697px) 100vw, 697px\" \/><\/figure><\/li><li class=\"blocks-gallery-item\"><figure><img decoding=\"async\" loading=\"lazy\" width=\"697\" height=\"532\" src=\"http:\/\/www.kopfblog.de\/wp-content\/uploads\/2021\/04\/Kreuz_Bube_RZ-1.jpg\" alt=\"\" data-id=\"1782\" data-full-url=\"http:\/\/www.kopfblog.de\/wp-content\/uploads\/2021\/04\/Kreuz_Bube_RZ-1.jpg\" data-link=\"http:\/\/www.kopfblog.de\/?attachment_id=1782\" class=\"wp-image-1782\" srcset=\"http:\/\/www.kopfblog.de\/wp-content\/uploads\/2021\/04\/Kreuz_Bube_RZ-1.jpg 697w, http:\/\/www.kopfblog.de\/wp-content\/uploads\/2021\/04\/Kreuz_Bube_RZ-1-300x229.jpg 300w, http:\/\/www.kopfblog.de\/wp-content\/uploads\/2021\/04\/Kreuz_Bube_RZ-1-393x300.jpg 393w\" sizes=\"(max-width: 697px) 100vw, 697px\" \/><\/figure><\/li><li class=\"blocks-gallery-item\"><figure><img decoding=\"async\" loading=\"lazy\" width=\"697\" height=\"532\" src=\"http:\/\/www.kopfblog.de\/wp-content\/uploads\/2021\/04\/Kreuz_Dame_RZ-1.jpg\" alt=\"\" data-id=\"1783\" data-full-url=\"http:\/\/www.kopfblog.de\/wp-content\/uploads\/2021\/04\/Kreuz_Dame_RZ-1.jpg\" data-link=\"http:\/\/www.kopfblog.de\/?attachment_id=1783\" class=\"wp-image-1783\" srcset=\"http:\/\/www.kopfblog.de\/wp-content\/uploads\/2021\/04\/Kreuz_Dame_RZ-1.jpg 697w, http:\/\/www.kopfblog.de\/wp-content\/uploads\/2021\/04\/Kreuz_Dame_RZ-1-300x229.jpg 300w, http:\/\/www.kopfblog.de\/wp-content\/uploads\/2021\/04\/Kreuz_Dame_RZ-1-393x300.jpg 393w\" sizes=\"(max-width: 697px) 100vw, 697px\" \/><\/figure><\/li><li class=\"blocks-gallery-item\"><figure><img decoding=\"async\" loading=\"lazy\" width=\"697\" height=\"532\" src=\"http:\/\/www.kopfblog.de\/wp-content\/uploads\/2021\/04\/Kreuz_Ko\u0308nig_RZ-1.jpg\" alt=\"\" data-id=\"1784\" data-full-url=\"http:\/\/www.kopfblog.de\/wp-content\/uploads\/2021\/04\/Kreuz_Ko\u0308nig_RZ-1.jpg\" data-link=\"http:\/\/www.kopfblog.de\/?attachment_id=1784\" class=\"wp-image-1784\" srcset=\"http:\/\/www.kopfblog.de\/wp-content\/uploads\/2021\/04\/Kreuz_Ko\u0308nig_RZ-1.jpg 697w, http:\/\/www.kopfblog.de\/wp-content\/uploads\/2021\/04\/Kreuz_Ko\u0308nig_RZ-1-300x229.jpg 300w, http:\/\/www.kopfblog.de\/wp-content\/uploads\/2021\/04\/Kreuz_Ko\u0308nig_RZ-1-393x300.jpg 393w\" sizes=\"(max-width: 697px) 100vw, 697px\" \/><\/figure><\/li><\/ul><\/figure>\n\n\n\n<p>Jetzt hab ich mich mal wieder an ein gr\u00f6\u00dferes Projekt gesetzt und das komplette franz\u00f6sische Skatblatt im Sch\u00e4del-Stil umgestaltet. \u00a0Kleiner Nebeneffekt, die sehr antiquierten Zuordnungen der Figuren habe ich durch komplett Andere ersetzt. Die Buben stehen f\u00fcr Widerstand, die Damen f\u00fcr das Sch\u00f6ne, und die K\u00f6nige stehen f\u00fcr die apokalyptischen Reiter (wobei es sich in diesem Fall um die afrokubanischen Reiter handelt).<\/p>\n","protected":false},"excerpt":{"rendered":"<p>Mein neustes Projekt: Das Designers-Skulls-Skatblatt Jetzt hab ich mich mal wieder an ein gr\u00f6\u00dferes Projekt gesetzt und das komplette franz\u00f6sische Skatblatt im Sch\u00e4del-Stil umgestaltet. \u00a0Kleiner Nebeneffekt, die sehr antiquierten Zuordnungen der Figuren habe ich durch komplett Andere ersetzt. Die Buben &hellip; <a href=\"http:\/\/www.kopfblog.de\/?page_id=1754\">Weiterlesen <span class=\"meta-nav\">&rarr;<\/span><\/a><\/p>\n","protected":false},"author":1,"featured_media":0,"parent":0,"menu_order":0,"comment_status":"closed","ping_status":"closed","template":"","meta":[],"_links":{"self":[{"href":"http:\/\/www.kopfblog.de\/index.php?rest_route=\/wp\/v2\/pages\/1754"}],"collection":[{"href":"http:\/\/www.kopfblog.de\/index.php?rest_route=\/wp\/v2\/pages"}],"about":[{"href":"http:\/\/www.kopfblog.de\/index.php?rest_route=\/wp\/v2\/types\/page"}],"author":[{"embeddable":true,"href":"http:\/\/www.kopfblog.de\/index.php?rest_route=\/wp\/v2\/users\/1"}],"replies":[{"embeddable":true,"href":"http:\/\/www.kopfblog.de\/index.php?rest_route=%2Fwp%2Fv2%2Fcomments&post=1754"}],"version-history":[{"count":4,"href":"http:\/\/www.kopfblog.de\/index.php?rest_route=\/wp\/v2\/pages\/1754\/revisions"}],"predecessor-version":[{"id":1788,"href":"http:\/\/www.kopfblog.de\/index.php?rest_route=\/wp\/v2\/pages\/1754\/revisions\/1788"}],"wp:attachment":[{"href":"http:\/\/www.kopfblog.de\/index.php?rest_route=%2Fwp%2Fv2%2Fmedia&parent=1754"}],"curies":[{"name":"wp","href":"https:\/\/api.w.org\/{rel}","templated":true}]}}